{"id":82,"date":"2017-08-21T19:21:46","date_gmt":"2017-08-21T19:21:46","guid":{"rendered":"http:\/\/erstehilfe-tschechisch.de\/?page_id=82"},"modified":"2017-10-02T20:06:15","modified_gmt":"2017-10-02T20:06:15","slug":"verkehrsregeln","status":"publish","type":"page","link":"https:\/\/erstehilfe-tschechisch.de\/?page_id=82","title":{"rendered":"Verkehrsregeln"},"content":{"rendered":"<p><img loading=\"lazy\" decoding=\"async\" data-attachment-id=\"98\" data-permalink=\"https:\/\/erstehilfe-tschechisch.de\/?attachment_id=98\" data-orig-file=\"https:\/\/i0.wp.com\/erstehilfe-tschechisch.de\/wp-content\/uploads\/2017\/08\/boticka_kv.jpg?fit=1200%2C1200&amp;ssl=1\" data-orig-size=\"1200,1200\" data-comments-opened=\"1\" data-image-meta=\"{&quot;aperture&quot;:&quot;8&quot;,&quot;credit&quot;:&quot;&quot;,&quot;camera&quot;:&quot;E-M5MarkII&quot;,&quot;caption&quot;:&quot;OLYMPUS DIGITAL CAMERA&quot;,&quot;created_timestamp&quot;:&quot;1446847104&quot;,&quot;copyright&quot;:&quot;&quot;,&quot;focal_length&quot;:&quot;34&quot;,&quot;iso&quot;:&quot;200&quot;,&quot;shutter_speed&quot;:&quot;0.008&quot;,&quot;title&quot;:&quot;OLYMPUS DIGITAL CAMERA&quot;,&quot;orientation&quot;:&quot;1&quot;}\" data-image-title=\"Boti\u010dka &#8211; Sch\u00fchchen\" data-image-description=\"\" data-image-caption=\"\" data-medium-file=\"https:\/\/i0.wp.com\/erstehilfe-tschechisch.de\/wp-content\/uploads\/2017\/08\/boticka_kv.jpg?fit=300%2C300&amp;ssl=1\" data-large-file=\"https:\/\/i0.wp.com\/erstehilfe-tschechisch.de\/wp-content\/uploads\/2017\/08\/boticka_kv.jpg?fit=840%2C840&amp;ssl=1\" class=\"alignleft size-medium wp-image-98\" src=\"https:\/\/i0.wp.com\/erstehilfe-tschechisch.de\/wp-content\/uploads\/2017\/08\/boticka_kv.jpg?resize=300%2C300&#038;ssl=1\" alt=\"\" width=\"300\" height=\"300\" srcset=\"https:\/\/i0.wp.com\/erstehilfe-tschechisch.de\/wp-content\/uploads\/2017\/08\/boticka_kv.jpg?resize=300%2C300&amp;ssl=1 300w, https:\/\/i0.wp.com\/erstehilfe-tschechisch.de\/wp-content\/uploads\/2017\/08\/boticka_kv.jpg?resize=150%2C150&amp;ssl=1 150w, https:\/\/i0.wp.com\/erstehilfe-tschechisch.de\/wp-content\/uploads\/2017\/08\/boticka_kv.jpg?resize=768%2C768&amp;ssl=1 768w, https:\/\/i0.wp.com\/erstehilfe-tschechisch.de\/wp-content\/uploads\/2017\/08\/boticka_kv.jpg?resize=1024%2C1024&amp;ssl=1 1024w, https:\/\/i0.wp.com\/erstehilfe-tschechisch.de\/wp-content\/uploads\/2017\/08\/boticka_kv.jpg?resize=120%2C120&amp;ssl=1 120w, https:\/\/i0.wp.com\/erstehilfe-tschechisch.de\/wp-content\/uploads\/2017\/08\/boticka_kv.jpg?w=1200&amp;ssl=1 1200w\" sizes=\"(max-width: 300px) 100vw, 300px\" data-recalc-dims=\"1\" \/>Au weia, das ist schnell passiert: Wer die tschechischen Parkvorschriften nicht befolgt, wird von den Ordnungsh\u00fctern schon mal mit einer <strong>&#8222;boti\u010dka&#8220;<\/strong> festgesetzt. Da tr\u00f6stet es nur wenig zu wissen, dass das Utensil, das auf Deutsch martialisch als &#8222;Parkkralle&#8220; bezeichnet wird, auf Tschechisch fast vers\u00f6hnlich als <strong>&#8222;Sch\u00fchchen&#8220;<\/strong> daherkommt. (bota = der Schuh)<\/p>\n<p>Damit Ihre Begeisterung f\u00fcr Tschechien nicht gleich durch unerfreuliche Erlebnisse im Stra\u00dfenverkehr getr\u00fcbt wird, haben wir hier f\u00fcr Sie die wichtigsten\u00a0 <a href=\"https:\/\/erstehilfe-tschechisch.de\/wp-content\/uploads\/2017\/08\/EHT_CZ-Verkehrsregeln_2017.pdf\">Regeln f\u00fcrs Autofahren in Tschechien<\/a> zum Herunterladen.<\/p>\n<p>Wer sich \u00fcber die tschechischen Verkehrszeichen im Detail informieren m\u00f6chte, wird bei <a href=\"https:\/\/de.wikipedia.org\/wiki\/Bildtafel_der_Verkehrszeichen_in_Tschechien\" target=\"_blank\" rel=\"noopener\">WIKIPEDIA<\/a> f\u00fcndig.<\/p>\n","protected":false},"excerpt":{"rendered":"<p>Au weia, das ist schnell passiert: Wer die tschechischen Parkvorschriften nicht befolgt, wird von den Ordnungsh\u00fctern schon mal mit einer &#8222;boti\u010dka&#8220; festgesetzt. Da tr\u00f6stet es nur wenig zu wissen, dass das Utensil, das auf Deutsch martialisch als &#8222;Parkkralle&#8220; bezeichnet wird, auf Tschechisch fast vers\u00f6hnlich als &#8222;Sch\u00fchchen&#8220; daherkommt. (bota = der Schuh) Damit Ihre Begeisterung f\u00fcr Tschechien nicht gleich durch unerfreuliche Erlebnisse im Stra\u00dfenverkehr getr\u00fcbt wird, haben wir hier f\u00fcr Sie die wichtigsten\u00a0 Regeln f\u00fcrs Autofahren in Tschechien zum Herunterladen. Wer sich \u00fcber die tschechischen Verkehrszeichen im Detail informieren m\u00f6chte, wird bei WIKIPEDIA f\u00fcndig.<\/p>\n","protected":false},"author":1,"featured_media":0,"parent":40,"menu_order":4,"comment_status":"closed","ping_status":"closed","template":"","meta":{"jetpack_post_was_ever_published":false,"footnotes":""},"jetpack_sharing_enabled":true,"jetpack_shortlink":"https:\/\/wp.me\/P90WYv-1k","jetpack_likes_enabled":true,"_links":{"self":[{"href":"https:\/\/erstehilfe-tschechisch.de\/index.php?rest_route=\/wp\/v2\/pages\/82"}],"collection":[{"href":"https:\/\/erstehilfe-tschechisch.de\/index.php?rest_route=\/wp\/v2\/pages"}],"about":[{"href":"https:\/\/erstehilfe-tschechisch.de\/index.php?rest_route=\/wp\/v2\/types\/page"}],"author":[{"embeddable":true,"href":"https:\/\/erstehilfe-tschechisch.de\/index.php?rest_route=\/wp\/v2\/users\/1"}],"replies":[{"embeddable":true,"href":"https:\/\/erstehilfe-tschechisch.de\/index.php?rest_route=%2Fwp%2Fv2%2Fcomments&post=82"}],"version-history":[{"count":6,"href":"https:\/\/erstehilfe-tschechisch.de\/index.php?rest_route=\/wp\/v2\/pages\/82\/revisions"}],"predecessor-version":[{"id":138,"href":"https:\/\/erstehilfe-tschechisch.de\/index.php?rest_route=\/wp\/v2\/pages\/82\/revisions\/138"}],"up":[{"embeddable":true,"href":"https:\/\/erstehilfe-tschechisch.de\/index.php?rest_route=\/wp\/v2\/pages\/40"}],"wp:attachment":[{"href":"https:\/\/erstehilfe-tschechisch.de\/index.php?rest_route=%2Fwp%2Fv2%2Fmedia&parent=82"}],"curies":[{"name":"wp","href":"https:\/\/api.w.org\/{rel}","templated":true}]}}